
Let f = -7 + 7. Let k(a) be the third derivative of -a**5/60 + a**4/24 - 11*a**3/6 + 11*a**2. Determine k(f).
-11
Suppose -h = 3*p - 2*h - 24, -9 = -2*p + 3*h. Let o(v) = p - v + 0 + 2*v. Let d(t) = -5*t**2 + 2*t + 1. Let q be d(-1). Calculate o(q).
3
Let c(d) = -d**2. Let g be -1*(-3)/(-1 + -2). Let y(u) = 3*u**2. Let l(s) = g*y(s) - 2*c(s). Suppose 5*i = 3*q + 9, -3*i - 5*q = -17 - 2. What is l(i)?
-9
Let j(t) = -3*t. Suppose -g + 6 = -2*g. Let w(b) = 25 + b + 0*b - 18. Let q be w(g). Calculate j(q).
-3
Let n(j) = -j**3 + j - 5*j**2 + 0*j - 2 - 3. Let r be n(-5). Let q be (r/4)/(2/4). Let p(v) = -v**2 - 3*v + 7. Give p(q).
-3
Let f(l) be the second derivative of -l**3/6 - 9*l**2/2 + 48*l. Give f(-9).
0
Let x(y) = -y**3 + 3*y**2 + 4*y + 3. Suppose 3*k - 8*k + 20 = 0. Calculate x(k).
3
Let t(b) = -11*b + 11*b**2 + 18*b**3 + 16*b**3 + 15 - 33*b**3. Determine t(-12).
3
Let u(m) = m**3 - 2*m**2 + 2*m - 2. Let t(w) = 11*w + 3. Let o(q) = -5*q - 1. Let x(b) = -9*o(b) - 4*t(b). Let r be x(5). What is u(r)?
2
Suppose 4*w - 4 = 0, 0 = -5*y + w + 15 + 29. Let u(j) = -8*j + y*j + 3 - 1. Suppose 0 = 4*t + 4*f, -t = -0*t - 3*f + 20. Give u(t).
-3
Let v be ((-21)/14)/(6/(-64)). Let p = 10 - 6. Suppose v = p*u - 0. Let a(w) = w - 7. Determine a(u).
-3
Let x(n) = -n - 5. Let f be x(-9). Let r be (f/10)/(6/15). Let b(q) be the third derivative of q**5/60 - q**4/24 + q**3/6 - q**2. What is b(r)?
1
Let c(t) = 673*t**2 - 672*t**2 - t + 3*t. Determine c(-1).
-1
Let k(b) = b**3 - 5*b**2 + 5*b - 5. Suppose 63 - 7 = 14*s. Determine k(s).
-1
Let g be -2 + 1 + (1 - -2). Suppose 3*n - 8 = -5*l + 16, -g*l = -2*n. Suppose f = 5*p + 22, -p - n*f + 10 = -8*f. Let x(d) = -d - 3. Give x(p).
2
Suppose -5*t + t = 0. Let n(u) = -u - 1 + 0*u + 2*u**2 - u**2 + t*u. Give n(3).
5
Let d(l) = -1. Let m(q) = -2*q + 5. Let n(k) = 6*d(k) + m(k). Calculate n(-3).
5
Let m(s) be the third derivative of s**4/24 - 2*s**3/3 + 9*s**2. Determine m(-3).
-7
Let p(u) = 2*u + 6. Let l be p(-4). Let a(j) = j**3 + 1. What is a(l)?
-7
Suppose 4 = -4*y - 0*m - 2*m, 4 = 2*m. Let l(z) = -5*z - 2. Calculate l(y).
8
Let s(f) = f**3 - 4*f**2 - 6*f + 1. Let h be (-18)/(-8) - 3/12. Suppose -5 = -h*g + 9. Suppose -g = -b - 2. Give s(b).
-4
Let h = -11 + 18. Let f = -3 + h. Let w = -3 + f. Let g(i) = 8*i**2 - i. Calculate g(w).
7
Let j = 1 + -2. Let v(t) = 1. Let f(n) = n - 2. Let r(x) = j*f(x) - 4*v(x). Let i be 4*(1 + 6/(-4)). Determine r(i).
0
Let b(x) = x**2 + 8*x + 8. Suppose -5*q = 36 - 1. Calculate b(q).
1
Let q be -14*4/(-16) + 6/4. Let j(n) = -n + 3. Calculate j(q).
-2
Suppose 19*v - 25 = 14*v. Let c(j) = j**2 - 4*j - 5. Determine c(v).
0
Let t = -18 - -18. Let a(q) be the second derivative of -1/2*q**2 - q + t + 1/3*q**3. Calculate a(1).
1
Let c(f) = f**2 - f. Let g = -2 + 3. Let v(m) = 2*m**2 - 2*m - 3. Let p(a) = g*v(a) - c(a). What is p(0)?
-3
Let n = 4 + -3. Let h(o) = 3*o - 7. Let c(d) = 0 - 1 - 1 + d. Let z(q) = -21*c(q) + 6*h(q). Give z(n).
-3
Let s(a) = 53 - a**2 + 5*a - 57 - 5*a. Determine s(0).
-4
Let d(m) = 4*m + 1. Let p(c) = 2*c + 1. Let k(f) = 4*d(f) - 9*p(f). Give k(-5).
5
Suppose 2*r = -3*g + 20, 2*r + r - 20 = -2*g. Let o(a) = a**2 - 4*a + 4. Determine o(g).
4
Let r(q) be the third derivative of -q**5/60 - q**4/12 + q**3/3 + 4*q**2. Let u be (4/(-8))/((-2)/8). Give r(u).
-6
Let h(x) = x + 4 - x**3 + x**2 - x - 2*x - 2. Let v(n) = -n**3 - 11*n**2 - 17*n + 11. Let m be v(-9). Give h(m).
-6
Let g(i) = 2*i - i + 6*i**3 - 1 - i**3 - 3*i. Give g(-1).
-4
Let s = 12 - 9. Suppose -2*k - 2 = -2*y, -1 = s*y - 5*k - 12. Let h(f) = 2*f - 2. What is h(y)?
-8
Let v(k) = 5 - 8*k**2 + k - 3 + 4*k**2 - 3*k**3 + 5*k**3. What is v(2)?
4
Let w(m) = -m + 4. Let u = -7 - -8. Let x be 0 + (6 + -2 - u). What is w(x)?
1
Let n(x) = -x**2 + x + 1. Let h(w) = -3*w + 4. Let t(i) = -h(i) + n(i). Suppose 4 + 2 = 2*j. Determine t(j).
0
Let q = 5 + -6. Let p = 2 - q. Let x(v) = 3*v + 5 - v - v**2 - 1. Determine x(p).
1
Let c(q) = 2 + 8*q**2 + 0 - 7*q - 4*q**2 - 5*q**2. Give c(-8).
-6
Let j(n) = 0*n**2 - 6*n - n**2 + 2*n**2 + 0*n. Let b = 0 + 5. What is j(b)?
-5
Let h(f) = -4*f + 1. Let y be -3*3/(3 + -12). Let g be -4 + y - (0 - 1). Calculate h(g).
9
Let r(i) = 5*i. Suppose -5*y + 3 = -2*y. Let v be r(y). Let c(h) = -h + 11. What is c(v)?
6
Let n(w) = w**2 - 7*w - 1. Let r = -4 - -4. Suppose 3*d + 0*d + 9 = r. Let g = 8 + d. Give n(g).
-11
Let f(s) = s**3. Let n(t) = -3*t**3 - 4*t**2 - 2*t - 5. Let c(k) = 4*f(k) + n(k). Give c(5).
10
Let g(z) = -z - 2. Let w be g(-1). Let q(v) = -v - 1. Let i(u) = 3*u + 3. Let l(m) = -2*i(m) - 7*q(m). What is l(w)?
0
Let t(b) be the first derivative of -b**3/3 + 4*b**2 + 2*b - 24. Determine t(7).
9
Suppose 160 = -6*w + 22. Let m = w - -29. Let y(q) = q**3 - 7*q**2 + 6*q + 8. Determine y(m).
8
Let a(b) = -9*b - 8*b + 14*b + b. Give a(-3).
6
Let t(k) = -k**2 - 26. Let f be 0/(5/((-15)/(-6))). What is t(f)?
-26
Let c(i) = -3*i + 6. Let p = 10 + -13. Let t = 2 - p. Give c(t).
-9
Let l(f) = -3*f**2 + 3. Let h(q) = 0 - 4*q**2 + 1 + 2*q**2. Let p(w) = -5*h(w) + 2*l(w). Suppose k + 4 = -5*r, 0*r - 4*k + 9 = -5*r. What is p(r)?
5
Let s = 396 - 400. Let f(k) = 2 + k**2 - 6 + 5*k + 2. Determine f(s).
-6
Let m(x) = -x**2 - x + 1. Let c be 1 + 0 + (-4 - 1). Let g(a) = a**2 - 2. Let l be g(-3). Let r = l + c. What is m(r)?
-11
Let f be (-2)/4 - (-21)/(-6). Let h(z) = 3*z - 9*z - 5*z**2 - 38 - 2*z**3 + 33 + z**3. What is h(f)?
3
Suppose 0 = -2*y + 3*y. Let m(r) = 3 - 2 - r + y. What is m(1)?
0
Let b = 6 + -7. Let c(g) be the third derivative of -g**6/24 + g**2. Let w be c(b). Let o(j) = j**3 - 6*j**2 + 7*j - 6. Calculate o(w).
4
Suppose 23 = -4*n + 47. Let o(d) = d**3 - 7*d**2 + 8*d + 2. Give o(n).
14
Suppose -20 = 18*h - 56. Let v(g) = 2*g + 1. Give v(h).
5
Let l(x) = x**2 - 2*x - 3. Suppose 5*k = -2*j + 9, -5*k + j = 2*j - 12. What is l(k)?
0
Let a(h) = -h. Let m be a(-4). Suppose -5*v - 5 = m*s, -5*v - 8 = -5*s - 3. Let j(r) = 13*r - 4. Let y(w) = 90*w - 27. Let z(p) = -27*j(p) + 4*y(p). Give z(v).
-9
Let c(r) = -5*r**3 - r**2 + r. Suppose -7 = -4*g - 3. What is c(g)?
-5
Let z(x) = 2 + 5*x**2 + 5*x + 0*x**2 - 6*x**2. What is z(6)?
-4
Let w(v) be the second derivative of v**5/60 - v**4/6 - 4*v**3/3 - 7*v**2/2 + 3*v. Let u(c) be the first derivative of w(c). Determine u(6).
4
Let r(i) = -8*i**2 - 3*i. Suppose 5*j - 29 = j + 3*t, j - 4*t - 17 = 0. Let q(o) = 8*o**2 + 4*o. Let b(m) = j*r(m) + 4*q(m). Give b(1).
-7
Let f(b) = -2*b + 4. Suppose 0 = 12*v - 9*v - 18. Give f(v).
-8
Let o(n) = n**3 + n**2 - n + 1. Let r(i) = -4*i**3 - 9*i**2 + 4*i - 4. Let k(b) = 5*o(b) + r(b). Give k(5).
21
Let f(j) = -19*j**3. Let z be (1 - -3) + -3 + -2. Determine f(z).
19
Let w(l) = 5*l - 11. Let t(h) = -6*h + 12. Let o(q) = 2*t(q) + 3*w(q). Let g be o(4). Let i(u) = -u**3 + 3*u**2 - 2*u - 1. Determine i(g).
-7
Let z(p) be the first derivative of p**3/3 - 5*p**2/2 + 4*p + 21. Determine z(3).
-2
Let q(k) = 22*k**2 + 23*k**2 - 44*k**2 - 3*k + 2. Calculate q(3).
2
Suppose -3 = 3*f - 12. Let p(l) = 3*l - 3 + 0*l + f. Let z = -3 - -2. What is p(z)?
-3
Let q(u) = 3*u**2 + 4*u + 3. Suppose 4*r - 36 = -2*k - 0*k, 5*r = 2*k + 9. Let j = 6 - k. Let h be -2 + (1*j - -2). Give q(h).
7
Let v be (5/(-3))/((-1)/3). Let u be (2/3)/(6/45). Let r(i) = 3*i + v*i**2 - 9*i**2 + u*i**2 + 2. Determine r(-4).
6
Let m(a) = 2 + a + 5*a**2 + 0*a + a**3 + 4*a. Suppose 0 = -4*i - 2*u - 0 + 2, -4 = 4*u. Let c = i - 4. Give m(c).
5
Let c(v) = -7*v**2 - 12*v - 10. Let h(y) = -y**2 - y - 1. Let w(q) = -c(q) + 6*h(q). Let f = -12 - -9. Give w(f).
-5
Let u = 6 + -3. Let d(j) = -u*j + 3*j - 1 + 6*j. Give d(1).
5
Let k(l) = l**2 - 3*l - 3. Let d(n) = -n**2 + 2*n + 2. Let q(g) = -4*d(g) - 5*k(g). Determine q(6).
13
Let u(i) be the second derivative of i**8/6720 - i**7/504 + i**6/720 + i**5/120 - i**4/3 + 4*i. Let j(c) be the third derivative of u(c). Give j(5).
6
Suppose 2*m - 6*m + 8 = 0. Let t(l) = 0*l + 5*l - m - 5*l - 5*l. Calculate t(-2).
8
Let n(m) = -2*m**2 + 2*m + 1. Let h be (8 - -1) + (-3 - 0). Suppose -2*w = -h*w. Suppose w = i + 3 - 5. What is n(i)?
-3
Let z(r) = -1. Let w(c) = -2*c - 4. Let p(l) = w(l) + 3*z(l). Give p(-6).
5
Let o(d) = 6*d + 13. Let h(q) = -3*q - 7. Suppose -4*z + 0*z + 8 = 0. Suppose 0 = -3*c - 2*c + 2*n - 26, -6 = -z*